{"id":695,"date":"2022-05-18T16:59:39","date_gmt":"2022-05-18T14:59:39","guid":{"rendered":"https:\/\/www.greenpeace.fr\/voyage-ecologique\/?page_id=695"},"modified":"2023-05-22T18:02:01","modified_gmt":"2023-05-22T16:02:01","slug":"telecharger-le-guide","status":"publish","type":"page","link":"https:\/\/www.greenpeace.fr\/voyage-ecologique\/telecharger-le-guide\/","title":{"rendered":"T\u00e9l\u00e9chargez notre guide \u00ab\u00a041 id\u00e9es de voyages \u00e9cologiques\u201c !"},"content":{"rendered":"<p><div class=\"fusion-fullwidth fullwidth-box fusion-builder-row-1 fusion-flex-container nonhundred-percent-fullwidth non-hundred-percent-height-scrolling fusion-no-small-visibility fusion-no-medium-visibility\" style=\"background-color: #7f4d95;background-position: center center;background-repeat: no-repeat;border-width: 0px 0px 0px 0px;border-color:var(--awb-color3);border-style:solid;\" ><div class=\"fusion-builder-row fusion-row fusion-flex-align-items-flex-start fusion-flex-justify-content-center\" style=\"max-width:104%;margin-left: calc(-4% \/ 2 );margin-right: calc(-4% \/ 2 );\"><div class=\"fusion-layout-column fusion_builder_column fusion-builder-column-0 fusion_builder_column_1_2 1_2 fusion-flex-column\"><div class=\"fusion-column-wrapper fusion-flex-justify-content-flex-start fusion-content-layout-column\" style=\"background-position:left top;background-repeat:no-repeat;-webkit-background-size:cover;-moz-background-size:cover;-o-background-size:cover;background-size:cover;padding: 0px 0px 0px 0px;\"><div class=\"fusion-text fusion-text-1\"><h1><span style=\"background-color: #fbff24\"><span class=\"paddingspecialtitre\" style=\"padding-left: 20px;padding-right: 20px\">T\u00e9l\u00e9chargez\u00a0notre<\/span><br \/>\n<span class=\"paddingspecialtitre\" style=\"padding-left: 20px;padding-right: 20px\">guide\u00a0\u201c41\u00a0id\u00e9es\u00a0de<\/span><br \/>\n<span class=\"paddingspecialtitre\" style=\"padding-left: 20px;padding-right: 20px\">voyages\u00a0\u00e9cologiques<\/span><br \/>\n<span class=\"paddingspecialtitre\" style=\"padding-left: 20px;padding-right: 20px\">\u00e0\u00a0travers\u00a0l\u2019europe\u201d<\/span><br \/>\n<\/span><\/h1>\n<\/div><div class=\"fusion-text fusion-text-2 displaynot\" style=\"margin-top:30px;\"><p><img decoding=\"async\" class=\"lazyload alignnone size-full wp-image-706\" src=\"data:image\/svg+xml,%3Csvg%20xmlns%3D%27http%3A%2F%2Fwww.w3.org%2F2000%2Fsvg%27%20width%3D%271244%27%20height%3D%27598%27%20viewBox%3D%270%200%201244%20598%27%3E%3Crect%20width%3D%271244%27%20height%3D%27598%27%20fill-opacity%3D%220%22%2F%3E%3C%2Fsvg%3E\" data-orig-src=\"https:\/\/www.greenpeace.fr\/voyage-ecologique\/wp-content\/uploads\/sites\/24\/2022\/05\/telecharger.png\" alt=\"\" width=\"1244\" height=\"598\" \/><\/p>\n<\/div><div class=\"fusion-text fusion-text-3\" style=\"color:#ffffff;\"><\/div><div class=\"fusion-text fusion-text-4\" style=\"color:#ffffff;\"><div style=\"font-size: 18px;margin-top: 20px\">\n<p>Ce guide a \u00e9t\u00e9 pens\u00e9 pour vous aider \u00e0 trouver des id\u00e9es de vacances \u00e9cologiques mais \u00e9galement des conseils et des astuces pour voyager plus responsable.<\/p>\n<p>Que contient ce guide ?<\/p>\n<ul>\n<li>Une s\u00e9lection de 41 destinations d\u2019exception \u00e0 visiter en Europe et accessibles sans avion pour plus d\u2019aventures !<\/li>\n<li>Une carte de toutes les destinations s\u00e9lectionn\u00e9es.<\/li>\n<li>Des conseils d\u2019influenceurs voyages.<\/li>\n<li>Nos astuces pour voyager de mani\u00e8re plus \u00e9co-responsable \u00e0 travers l\u2019Europe et en France.<\/li>\n<\/ul>\n<p>T\u00e9l\u00e9chargez ce guide et trouvez l\u2019inspiration pour votre prochain voyage.<\/p>\n<p>Prenons l\u2019air, moins l\u2019avion !<\/p>\n<\/div>\n<\/div><\/div><style type=\"text\/css\">.fusion-body .fusion-builder-column-0{width:50% !important;margin-top : 6px;margin-bottom : 20px;}.fusion-builder-column-0 > .fusion-column-wrapper {padding-top : 0px !important;padding-right : 0px !important;margin-right : 3.84%;padding-bottom : 0px !important;padding-left : 0px !important;margin-left : 3.84%;}@media only screen and (max-width:1024px) {.fusion-body .fusion-builder-column-0{width:50% !important;order : 0;}.fusion-builder-column-0 > .fusion-column-wrapper {margin-right : 3.84%;margin-left : 3.84%;}}@media only screen and (max-width:850px) {.fusion-body .fusion-builder-column-0{width:100% !important;order : 0;}.fusion-builder-column-0 > .fusion-column-wrapper {margin-right : 1.92%;margin-left : 1.92%;}}<\/style><\/div><div class=\"fusion-layout-column fusion_builder_column fusion-builder-column-1 fusion_builder_column_2_5 2_5 fusion-flex-column\"><div class=\"fusion-column-wrapper fusion-flex-justify-content-flex-start fusion-content-layout-column\" style=\"background-position:left top;background-repeat:no-repeat;-webkit-background-size:cover;-moz-background-size:cover;-o-background-size:cover;background-size:cover;padding: 0px 0px 0px 0px;\"><div class=\"fusion-text fusion-text-5\" style=\"font-size:18px;color:#311d82;\"><div><img decoding=\"async\" class=\"lazyload alignnone wp-image-1462 size-medium\" style=\"border-radius: 8px 8px 0px 0px;\" src=\"data:image\/svg+xml,%3Csvg%20xmlns%3D%27http%3A%2F%2Fwww.w3.org%2F2000%2Fsvg%27%20width%3D%27588%27%20height%3D%27259%27%20viewBox%3D%270%200%20588%20259%27%3E%3Crect%20width%3D%27588%27%20height%3D%27259%27%20fill-opacity%3D%220%22%2F%3E%3C%2Fsvg%3E\" data-orig-src=\"https:\/\/www.greenpeace.fr\/voyage-ecologique\/wp-content\/uploads\/sites\/24\/2022\/06\/Guide-voyage-ecologique.png\" alt=\"Avec notre guide, vous lirez des astuces de voyages \u00e9co responsables, des ressources et bonnes pratiques pour cr\u00e9er votre propre aventure.\" width=\"588\" height=\"259\" data-wp-editing=\"1\" \/><\/div>\n<div style=\"background-color: #ffffff; padding: 0px 25px 10px 25px; max-width: 588px; border-radius: 0px 0px 8px 8px; color: #311d82;\">\r\n\t\t<iframe src=\"\/\/www.greenpeace.fr\/gfembed\/?f=34\" width=\"100%\" height=\"500\" frameBorder=\"0\" class=\"gfiframe\"><\/iframe>\r\n\t\t<script src=\"\/\/www.greenpeace.fr\/wp-content\/plugins\/gravity-forms-iframe\/assets\/scripts\/gfembed.js\" type=\"text\/javascript\"><\/script>\r\n\t<\/div>\n<\/div>\n<\/div><style type=\"text\/css\">.fusion-body .fusion-builder-column-1{width:40% !important;margin-top : 0px;margin-bottom : 20px;}.fusion-builder-column-1 > .fusion-column-wrapper {padding-top : 0px !important;padding-right : 0px !important;margin-right : 4.8%;padding-bottom : 0px !important;padding-left : 0px !important;margin-left : 4.8%;}@media only screen and (max-width:1024px) {.fusion-body .fusion-builder-column-1{width:40% !important;order : 0;}.fusion-builder-column-1 > .fusion-column-wrapper {margin-right : 4.8%;margin-left : 4.8%;}}@media only screen and (max-width:850px) {.fusion-body .fusion-builder-column-1{width:100% !important;order : 0;}.fusion-builder-column-1 > .fusion-column-wrapper {margin-right : 1.92%;margin-left : 1.92%;}}<\/style><\/div><\/div><style type=\"text\/css\">.fusion-body .fusion-flex-container.fusion-builder-row-1{ padding-top : 70px;margin-top : 0px;padding-right : 30px;padding-bottom : 0px;margin-bottom : 0px;padding-left : 30px;}<\/style><\/div><div class=\"fusion-fullwidth fullwidth-box fusion-builder-row-2 fusion-flex-container nonhundred-percent-fullwidth non-hundred-percent-height-scrolling fusion-no-large-visibility\" style=\"background-color: #7f4d95;background-position: center center;background-repeat: no-repeat;border-width: 0px 0px 0px 0px;border-color:var(--awb-color3);border-style:solid;\" ><div class=\"fusion-builder-row fusion-row fusion-flex-align-items-flex-start fusion-flex-justify-content-center\" style=\"max-width:104%;margin-left: calc(-4% \/ 2 );margin-right: calc(-4% \/ 2 );\"><div class=\"fusion-layout-column fusion_builder_column fusion-builder-column-2 fusion_builder_column_1_1 1_1 fusion-flex-column\"><div class=\"fusion-column-wrapper fusion-flex-justify-content-flex-start fusion-content-layout-column\" style=\"background-position:left top;background-repeat:no-repeat;-webkit-background-size:cover;-moz-background-size:cover;-o-background-size:cover;background-size:cover;padding: 0px 0px 0px 0px;\"><div class=\"fusion-text fusion-text-6\"><h1><span style=\"background-color: #fbff24\"><span class=\"paddingspecialtitre paddingspecialtitreguide\" style=\"padding-left: 10px;padding-right: 10px\">T\u00e9l\u00e9chargez\u00a0notre<\/span><br \/>\n<span class=\"paddingspecialtitre paddingspecialtitreguide\" style=\"padding-left: 10px;padding-right: 10px\">guide \u201c41 id\u00e9es de<\/span><br \/>\n<span class=\"paddingspecialtitre paddingspecialtitreguide\" style=\"padding-left: 10px;padding-right: 10px\">voyages\u00a0\u00e9cologiques<\/span><br \/>\n<span class=\"paddingspecialtitre paddingspecialtitreguide\" style=\"padding-left: 10px;padding-right: 10px\">\u00e0\u00a0travers\u00a0l\u2019europe\u201d<\/span><\/span><\/h1>\n<\/div><div class=\"fusion-text fusion-text-7\" style=\"font-size:18px;color:#311d82;\"><div><img decoding=\"async\" class=\"lazyload alignnone wp-image-1462 size-medium\" style=\"border-radius: 8px 8px 0px 0px;\" src=\"data:image\/svg+xml,%3Csvg%20xmlns%3D%27http%3A%2F%2Fwww.w3.org%2F2000%2Fsvg%27%20width%3D%27588%27%20height%3D%27259%27%20viewBox%3D%270%200%20588%20259%27%3E%3Crect%20width%3D%27588%27%20height%3D%27259%27%20fill-opacity%3D%220%22%2F%3E%3C%2Fsvg%3E\" data-orig-src=\"https:\/\/www.greenpeace.fr\/voyage-ecologique\/wp-content\/uploads\/sites\/24\/2022\/06\/Guide-voyage-ecologique.png\" alt=\"Avec notre guide, vous lirez des astuces de voyages \u00e9co responsables, des ressources et bonnes pratiques pour cr\u00e9er votre propre aventure.\" width=\"588\" height=\"259\" data-wp-editing=\"1\" \/><\/div>\n<div style=\"background-color: #ffffff; padding: 0px 25px 10px 25px; max-width: 588px; border-radius: 0px 0px 8px 8px; color: #311d82;\">\r\n\t\t<iframe src=\"\/\/www.greenpeace.fr\/gfembed\/?f=34\" width=\"100%\" height=\"500\" frameBorder=\"0\" class=\"gfiframe\"><\/iframe>\r\n\t\t<script src=\"\/\/www.greenpeace.fr\/wp-content\/plugins\/gravity-forms-iframe\/assets\/scripts\/gfembed.js\" type=\"text\/javascript\"><\/script>\r\n\t<\/div>\n<\/div>\n<div class=\"fusion-text fusion-text-8 fusion-text-no-margin\" style=\"font-size:11px;line-height:1;color:#ffffff;margin-top:20px;margin-bottom:-40px;\"><\/div><div class=\"fusion-text fusion-text-9\" style=\"color:#ffffff;\"><p><strong>41 id\u00e9es de voyages \u00e9cologiques !<\/strong><\/p>\n<p>Ce guide a \u00e9t\u00e9 pens\u00e9 pour vous aider \u00e0 trouver des id\u00e9es de vacances \u00e9cologiques mais \u00e9galement des conseils et des astuces pour voyager plus responsable.<\/p>\n<p>Que contient ce guide ?<\/p>\n<ul>\n<li>Une s\u00e9lection de 41 destinations d\u2019exception \u00e0 visiter en Europe et accessibles sans avion pour plus d\u2019aventures !<\/li>\n<li>Une carte de toutes les destinations s\u00e9lectionn\u00e9es.<\/li>\n<li>Des conseils d\u2019influenceurs voyages.<\/li>\n<li>Nos astuces pour voyager de mani\u00e8re plus \u00e9co-responsable \u00e0 travers l\u2019Europe et en France.<\/li>\n<\/ul>\n<p>T\u00e9l\u00e9chargez ce guide et trouvez l\u2019inspiration pour votre prochain voyage.<\/p>\n<p>Prenons l\u2019air, moins l\u2019avion !<\/p>\n<\/div><\/div><style type=\"text\/css\">.fusion-body .fusion-builder-column-2{width:100% !important;margin-top : 0px;margin-bottom : 20px;}.fusion-builder-column-2 > .fusion-column-wrapper {padding-top : 0px !important;padding-right : 0px !important;margin-right : 1.92%;padding-bottom : 0px !important;padding-left : 0px !important;margin-left : 1.92%;}@media only screen and (max-width:1024px) {.fusion-body .fusion-builder-column-2{width:100% !important;order : 0;}.fusion-builder-column-2 > .fusion-column-wrapper {margin-right : 1.92%;margin-left : 1.92%;}}@media only screen and (max-width:850px) {.fusion-body .fusion-builder-column-2{width:100% !important;order : 0;}.fusion-builder-column-2 > .fusion-column-wrapper {margin-right : 1.92%;margin-left : 1.92%;}}<\/style><\/div><\/div><style type=\"text\/css\">.fusion-body .fusion-flex-container.fusion-builder-row-2{ padding-top : 0px;margin-top : 0px;padding-right : 30px;padding-bottom : 0px;margin-bottom : 0px;padding-left : 30px;}@media only screen and (max-width:1024px) {.fusion-body .fusion-flex-container.fusion-builder-row-2{ padding-top : 30px;}}@media only screen and (max-width:850px) {.fusion-body .fusion-flex-container.fusion-builder-row-2{ padding-top : 30px;}}<\/style><\/div><\/p>\n","protected":false},"excerpt":{"rendered":"","protected":false},"author":1,"featured_media":1844,"parent":0,"menu_order":0,"comment_status":"closed","ping_status":"closed","template":"","meta":{"footnotes":""},"class_list":["post-695","page","type-page","status-publish","has-post-thumbnail","hentry"],"yoast_head":"<!-- This site is optimized with the Yoast SEO plugin v23.4 - https:\/\/yoast.com\/wordpress\/plugins\/seo\/ -->\n<title>T\u00e9l\u00e9chargez notre guide &quot;41 id\u00e9es de voyages \u00e9cologiques\u201c ! - Trouvez le voyage \u00e9cologique qui vous convient<\/title>\n<meta name=\"description\" content=\"Ce guide a \u00e9t\u00e9 pens\u00e9 pour vous aider \u00e0 trouver des id\u00e9es de voyages \u00e9cologiques mais \u00e9galement des conseils et des astuces pour voyager plus responsable.\" \/>\n<meta name=\"robots\" content=\"index, follow, max-snippet:-1, max-image-preview:large, max-video-preview:-1\" \/>\n<link rel=\"canonical\" href=\"https:\/\/www.greenpeace.fr\/voyage-ecologique\/telecharger-le-guide\/\" \/>\n<meta property=\"og:locale\" content=\"fr_FR\" \/>\n<meta property=\"og:type\" content=\"article\" \/>\n<meta property=\"og:title\" content=\"TROUVEZ LE VOYAGE \u00c9COLOGIQUE QUI VOUS CONVIENT\" \/>\n<meta property=\"og:description\" content=\"Voyager tout en prot\u00e9geant le climat, c\u2019est possible. Mais ce n\u2019est pas toujours facile de savoir o\u00f9 partir\u2026 et surtout comment quand on a pris l\u2019habitude de voyager en avion. C\u2019est votre cas ? Greenpeace a cr\u00e9\u00e9 un guide r\u00e9unissant pas loin de 41 id\u00e9es de voyages \u00e9colo pour vous aider \u00e0 trouver l&#039;inspiration comme d\u00e9couvrir les Fjords avec @Roxandyo, partir en Bretagne avec @guillaumepayen, aller en Corse avec @globetolter, visiter les Cinq Terre avec @BonPote ou encore, se balader dans le Tyrol avec @pourunreveilecologique !\" \/>\n<meta property=\"og:url\" content=\"https:\/\/www.greenpeace.fr\/voyage-ecologique\/telecharger-le-guide\/\" \/>\n<meta property=\"og:site_name\" content=\"Trouvez le voyage \u00e9cologique qui vous convient\" \/>\n<meta property=\"article:modified_time\" content=\"2023-05-22T16:02:01+00:00\" \/>\n<meta property=\"og:image\" content=\"https:\/\/www.greenpeace.fr\/voyage-ecologique\/wp-content\/uploads\/sites\/24\/2022\/06\/Trouvez-le-voyage-ecologique-qui-vous-convient-scaled-e1656342184625.jpeg\" \/>\n<meta name=\"twitter:card\" content=\"summary_large_image\" \/>\n<meta name=\"twitter:title\" content=\"TROUVEZ LE VOYAGE \u00c9COLOGIQUE QUI VOUS CONVIENT\" \/>\n<meta name=\"twitter:description\" content=\"Dans le guide voyage de Greenpeace, d\u00e9couvrez des astuces de voyages \u00e9co-responsables, des ressources et des bonnes pratiques pour cr\u00e9er notre propre aventure, des id\u00e9es de voyages \u00e9colo adapt\u00e9es \u00e0 la dur\u00e9e de nos vacances.\" \/>\n<meta name=\"twitter:image\" content=\"https:\/\/www.greenpeace.fr\/voyage-ecologique\/wp-content\/uploads\/sites\/24\/2022\/06\/Trouvez-le-voyage-ecologique-qui-vous-convient-1.jpg\" \/>\n<meta name=\"twitter:label1\" content=\"Dur\u00e9e de lecture estim\u00e9e\" \/>\n\t<meta name=\"twitter:data1\" content=\"8 minutes\" \/>\n<script type=\"application\/ld+json\" class=\"yoast-schema-graph\">{\"@context\":\"https:\/\/schema.org\",\"@graph\":[{\"@type\":\"WebPage\",\"@id\":\"https:\/\/www.greenpeace.fr\/voyage-ecologique\/telecharger-le-guide\/\",\"url\":\"https:\/\/www.greenpeace.fr\/voyage-ecologique\/telecharger-le-guide\/\",\"name\":\"T\u00e9l\u00e9chargez notre guide \\\"41 id\u00e9es de voyages \u00e9cologiques\u201c ! - Trouvez le voyage \u00e9cologique qui vous convient\",\"isPartOf\":{\"@id\":\"https:\/\/www.greenpeace.fr\/voyage-ecologique\/#website\"},\"primaryImageOfPage\":{\"@id\":\"https:\/\/www.greenpeace.fr\/voyage-ecologique\/telecharger-le-guide\/#primaryimage\"},\"image\":{\"@id\":\"https:\/\/www.greenpeace.fr\/voyage-ecologique\/telecharger-le-guide\/#primaryimage\"},\"thumbnailUrl\":\"https:\/\/www.greenpeace.fr\/voyage-ecologique\/wp-content\/uploads\/sites\/24\/2022\/06\/Trouvez-le-voyage-ecologique-qui-vous-convient-1.jpg\",\"datePublished\":\"2022-05-18T14:59:39+00:00\",\"dateModified\":\"2023-05-22T16:02:01+00:00\",\"description\":\"Ce guide a \u00e9t\u00e9 pens\u00e9 pour vous aider \u00e0 trouver des id\u00e9es de voyages \u00e9cologiques mais \u00e9galement des conseils et des astuces pour voyager plus responsable.\",\"breadcrumb\":{\"@id\":\"https:\/\/www.greenpeace.fr\/voyage-ecologique\/telecharger-le-guide\/#breadcrumb\"},\"inLanguage\":\"fr-FR\",\"potentialAction\":[{\"@type\":\"ReadAction\",\"target\":[\"https:\/\/www.greenpeace.fr\/voyage-ecologique\/telecharger-le-guide\/\"]}]},{\"@type\":\"ImageObject\",\"inLanguage\":\"fr-FR\",\"@id\":\"https:\/\/www.greenpeace.fr\/voyage-ecologique\/telecharger-le-guide\/#primaryimage\",\"url\":\"https:\/\/www.greenpeace.fr\/voyage-ecologique\/wp-content\/uploads\/sites\/24\/2022\/06\/Trouvez-le-voyage-ecologique-qui-vous-convient-1.jpg\",\"contentUrl\":\"https:\/\/www.greenpeace.fr\/voyage-ecologique\/wp-content\/uploads\/sites\/24\/2022\/06\/Trouvez-le-voyage-ecologique-qui-vous-convient-1.jpg\",\"width\":520,\"height\":346,\"caption\":\"TROUVEZ LE VOYAGE \u00c9COLOGIQUE QUI VOUS CONVIENT\"},{\"@type\":\"BreadcrumbList\",\"@id\":\"https:\/\/www.greenpeace.fr\/voyage-ecologique\/telecharger-le-guide\/#breadcrumb\",\"itemListElement\":[{\"@type\":\"ListItem\",\"position\":1,\"name\":\"Accueil\",\"item\":\"https:\/\/www.greenpeace.fr\/voyage-ecologique\/\"},{\"@type\":\"ListItem\",\"position\":2,\"name\":\"T\u00e9l\u00e9chargez notre guide \u00ab\u00a041 id\u00e9es de voyages \u00e9cologiques\u201c !\"}]},{\"@type\":\"WebSite\",\"@id\":\"https:\/\/www.greenpeace.fr\/voyage-ecologique\/#website\",\"url\":\"https:\/\/www.greenpeace.fr\/voyage-ecologique\/\",\"name\":\"Trouvez le voyage \u00e9cologique qui vous convient\",\"description\":\"D\u00e9couvrez notre guide de 41 voyages \u00e9cologiques \u00e0 travers l&#039;Europe\",\"potentialAction\":[{\"@type\":\"SearchAction\",\"target\":{\"@type\":\"EntryPoint\",\"urlTemplate\":\"https:\/\/www.greenpeace.fr\/voyage-ecologique\/?s={search_term_string}\"},\"query-input\":{\"@type\":\"PropertyValueSpecification\",\"valueRequired\":true,\"valueName\":\"search_term_string\"}}],\"inLanguage\":\"fr-FR\"}]}<\/script>\n<!-- \/ Yoast SEO plugin. -->","yoast_head_json":{"title":"T\u00e9l\u00e9chargez notre guide \"41 id\u00e9es de voyages \u00e9cologiques\u201c ! - Trouvez le voyage \u00e9cologique qui vous convient","description":"Ce guide a \u00e9t\u00e9 pens\u00e9 pour vous aider \u00e0 trouver des id\u00e9es de voyages \u00e9cologiques mais \u00e9galement des conseils et des astuces pour voyager plus responsable.","robots":{"index":"index","follow":"follow","max-snippet":"max-snippet:-1","max-image-preview":"max-image-preview:large","max-video-preview":"max-video-preview:-1"},"canonical":"https:\/\/www.greenpeace.fr\/voyage-ecologique\/telecharger-le-guide\/","og_locale":"fr_FR","og_type":"article","og_title":"TROUVEZ LE VOYAGE \u00c9COLOGIQUE QUI VOUS CONVIENT","og_description":"Voyager tout en prot\u00e9geant le climat, c\u2019est possible. Mais ce n\u2019est pas toujours facile de savoir o\u00f9 partir\u2026 et surtout comment quand on a pris l\u2019habitude de voyager en avion. C\u2019est votre cas ? Greenpeace a cr\u00e9\u00e9 un guide r\u00e9unissant pas loin de 41 id\u00e9es de voyages \u00e9colo pour vous aider \u00e0 trouver l'inspiration comme d\u00e9couvrir les Fjords avec @Roxandyo, partir en Bretagne avec @guillaumepayen, aller en Corse avec @globetolter, visiter les Cinq Terre avec @BonPote ou encore, se balader dans le Tyrol avec @pourunreveilecologique !","og_url":"https:\/\/www.greenpeace.fr\/voyage-ecologique\/telecharger-le-guide\/","og_site_name":"Trouvez le voyage \u00e9cologique qui vous convient","article_modified_time":"2023-05-22T16:02:01+00:00","og_image":[{"url":"https:\/\/www.greenpeace.fr\/voyage-ecologique\/wp-content\/uploads\/sites\/24\/2022\/06\/Trouvez-le-voyage-ecologique-qui-vous-convient-scaled-e1656342184625.jpeg"}],"twitter_card":"summary_large_image","twitter_title":"TROUVEZ LE VOYAGE \u00c9COLOGIQUE QUI VOUS CONVIENT","twitter_description":"Dans le guide voyage de Greenpeace, d\u00e9couvrez des astuces de voyages \u00e9co-responsables, des ressources et des bonnes pratiques pour cr\u00e9er notre propre aventure, des id\u00e9es de voyages \u00e9colo adapt\u00e9es \u00e0 la dur\u00e9e de nos vacances.","twitter_image":"https:\/\/www.greenpeace.fr\/voyage-ecologique\/wp-content\/uploads\/sites\/24\/2022\/06\/Trouvez-le-voyage-ecologique-qui-vous-convient-1.jpg","twitter_misc":{"Dur\u00e9e de lecture estim\u00e9e":"8 minutes"},"schema":{"@context":"https:\/\/schema.org","@graph":[{"@type":"WebPage","@id":"https:\/\/www.greenpeace.fr\/voyage-ecologique\/telecharger-le-guide\/","url":"https:\/\/www.greenpeace.fr\/voyage-ecologique\/telecharger-le-guide\/","name":"T\u00e9l\u00e9chargez notre guide \"41 id\u00e9es de voyages \u00e9cologiques\u201c ! - Trouvez le voyage \u00e9cologique qui vous convient","isPartOf":{"@id":"https:\/\/www.greenpeace.fr\/voyage-ecologique\/#website"},"primaryImageOfPage":{"@id":"https:\/\/www.greenpeace.fr\/voyage-ecologique\/telecharger-le-guide\/#primaryimage"},"image":{"@id":"https:\/\/www.greenpeace.fr\/voyage-ecologique\/telecharger-le-guide\/#primaryimage"},"thumbnailUrl":"https:\/\/www.greenpeace.fr\/voyage-ecologique\/wp-content\/uploads\/sites\/24\/2022\/06\/Trouvez-le-voyage-ecologique-qui-vous-convient-1.jpg","datePublished":"2022-05-18T14:59:39+00:00","dateModified":"2023-05-22T16:02:01+00:00","description":"Ce guide a \u00e9t\u00e9 pens\u00e9 pour vous aider \u00e0 trouver des id\u00e9es de voyages \u00e9cologiques mais \u00e9galement des conseils et des astuces pour voyager plus responsable.","breadcrumb":{"@id":"https:\/\/www.greenpeace.fr\/voyage-ecologique\/telecharger-le-guide\/#breadcrumb"},"inLanguage":"fr-FR","potentialAction":[{"@type":"ReadAction","target":["https:\/\/www.greenpeace.fr\/voyage-ecologique\/telecharger-le-guide\/"]}]},{"@type":"ImageObject","inLanguage":"fr-FR","@id":"https:\/\/www.greenpeace.fr\/voyage-ecologique\/telecharger-le-guide\/#primaryimage","url":"https:\/\/www.greenpeace.fr\/voyage-ecologique\/wp-content\/uploads\/sites\/24\/2022\/06\/Trouvez-le-voyage-ecologique-qui-vous-convient-1.jpg","contentUrl":"https:\/\/www.greenpeace.fr\/voyage-ecologique\/wp-content\/uploads\/sites\/24\/2022\/06\/Trouvez-le-voyage-ecologique-qui-vous-convient-1.jpg","width":520,"height":346,"caption":"TROUVEZ LE VOYAGE \u00c9COLOGIQUE QUI VOUS CONVIENT"},{"@type":"BreadcrumbList","@id":"https:\/\/www.greenpeace.fr\/voyage-ecologique\/telecharger-le-guide\/#breadcrumb","itemListElement":[{"@type":"ListItem","position":1,"name":"Accueil","item":"https:\/\/www.greenpeace.fr\/voyage-ecologique\/"},{"@type":"ListItem","position":2,"name":"T\u00e9l\u00e9chargez notre guide \u00ab\u00a041 id\u00e9es de voyages \u00e9cologiques\u201c !"}]},{"@type":"WebSite","@id":"https:\/\/www.greenpeace.fr\/voyage-ecologique\/#website","url":"https:\/\/www.greenpeace.fr\/voyage-ecologique\/","name":"Trouvez le voyage \u00e9cologique qui vous convient","description":"D\u00e9couvrez notre guide de 41 voyages \u00e9cologiques \u00e0 travers l&#039;Europe","potentialAction":[{"@type":"SearchAction","target":{"@type":"EntryPoint","urlTemplate":"https:\/\/www.greenpeace.fr\/voyage-ecologique\/?s={search_term_string}"},"query-input":{"@type":"PropertyValueSpecification","valueRequired":true,"valueName":"search_term_string"}}],"inLanguage":"fr-FR"}]}},"_links":{"self":[{"href":"https:\/\/www.greenpeace.fr\/voyage-ecologique\/wp-json\/wp\/v2\/pages\/695","targetHints":{"allow":["GET"]}}],"collection":[{"href":"https:\/\/www.greenpeace.fr\/voyage-ecologique\/wp-json\/wp\/v2\/pages"}],"about":[{"href":"https:\/\/www.greenpeace.fr\/voyage-ecologique\/wp-json\/wp\/v2\/types\/page"}],"author":[{"embeddable":true,"href":"https:\/\/www.greenpeace.fr\/voyage-ecologique\/wp-json\/wp\/v2\/users\/1"}],"replies":[{"embeddable":true,"href":"https:\/\/www.greenpeace.fr\/voyage-ecologique\/wp-json\/wp\/v2\/comments?post=695"}],"version-history":[{"count":71,"href":"https:\/\/www.greenpeace.fr\/voyage-ecologique\/wp-json\/wp\/v2\/pages\/695\/revisions"}],"predecessor-version":[{"id":1662,"href":"https:\/\/www.greenpeace.fr\/voyage-ecologique\/wp-json\/wp\/v2\/pages\/695\/revisions\/1662"}],"wp:featuredmedia":[{"embeddable":true,"href":"https:\/\/www.greenpeace.fr\/voyage-ecologique\/wp-json\/wp\/v2\/media\/1844"}],"wp:attachment":[{"href":"https:\/\/www.greenpeace.fr\/voyage-ecologique\/wp-json\/wp\/v2\/media?parent=695"}],"curies":[{"name":"wp","href":"https:\/\/api.w.org\/{rel}","templated":true}]}}