{"id":1820,"date":"2022-06-27T14:25:36","date_gmt":"2022-06-27T12:25:36","guid":{"rendered":"https:\/\/www.greenpeace.fr\/voyage-ecologique\/?post_type=avada_faq&#038;p=1820"},"modified":"2022-06-27T14:25:36","modified_gmt":"2022-06-27T12:25:36","slug":"inclus-destinations-accessibles-ferry","status":"publish","type":"avada_faq","link":"https:\/\/www.greenpeace.fr\/voyage-ecologique\/faq-items\/inclus-destinations-accessibles-ferry\/","title":{"rendered":"Mais alors pourquoi avoir inclus des destinations accessibles en ferry ?"},"content":{"rendered":"<p>Dans la mesure du possible, pour chaque voyage propos\u00e9 dans <a href=\"https:\/\/www.greenpeace.fr\/voyage-ecologique\/telecharger-le-guide\/\">le guide<\/a>, Greenpeace invite \u00e0 r\u00e9aliser la majeure partie du trajet avec les modes de transport les moins polluants, comme le train. Nous avons cependant mentionn\u00e9 la possibilit\u00e9 de voyager en ferry dans ce guide pour plusieurs raisons :<\/p>\n<ul>\n<li>L\u2019impact d\u2019un trajet en ferry sur le climat reste moins important que celui de l\u2019avion, surtout si le voyage jusqu\u2019au port se fait en train.<\/li>\n<li>Prendre le ferry plut\u00f4t que l\u2019avion invite \u00e0 red\u00e9couvrir les distances, ce qui constitue un premier pas vers le voyage plus lent.<\/li>\n<li>Le ferry est souvent la seule alternative possible pour se rendre dans les \u00eeles. Par ailleurs, d\u00e8s qu\u2019il existe une alternative en voilier, elle a \u00e9t\u00e9 mentionn\u00e9e dans le guide.<\/li>\n<li>Un trajet en ferry est souvent bien moins cher que le voilier et Greenpeace France a tenu \u00e0 proposer des id\u00e9es accessibles au plus grand nombre.<\/li>\n<\/ul>\n","protected":false},"excerpt":{"rendered":"<p>Dans la mesure du possible, pour chaque voyage propos\u00e9 dans [&hellip;]<\/p>\n","protected":false},"author":48,"featured_media":0,"menu_order":0,"comment_status":"open","ping_status":"closed","template":"","format":"standard","meta":{"footnotes":""},"faq_category":[],"class_list":["post-1820","avada_faq","type-avada_faq","status-publish","format-standard","hentry"],"yoast_head":"<!-- This site is optimized with the Yoast SEO plugin v23.4 - https:\/\/yoast.com\/wordpress\/plugins\/seo\/ -->\n<title>Mais alors pourquoi avoir inclus des destinations accessibles en ferry ? - Trouvez le voyage \u00e9cologique qui vous convient<\/title>\n<meta name=\"robots\" content=\"index, follow, max-snippet:-1, max-image-preview:large, max-video-preview:-1\" \/>\n<link rel=\"canonical\" href=\"https:\/\/www.greenpeace.fr\/voyage-ecologique\/faq-items\/inclus-destinations-accessibles-ferry\/\" \/>\n<meta property=\"og:locale\" content=\"fr_FR\" \/>\n<meta property=\"og:type\" content=\"article\" \/>\n<meta property=\"og:title\" content=\"Mais alors pourquoi avoir inclus des destinations accessibles en ferry ? - Trouvez le voyage \u00e9cologique qui vous convient\" \/>\n<meta property=\"og:description\" content=\"Dans la mesure du possible, pour chaque voyage propos\u00e9 dans [&hellip;]\" \/>\n<meta property=\"og:url\" content=\"https:\/\/www.greenpeace.fr\/voyage-ecologique\/faq-items\/inclus-destinations-accessibles-ferry\/\" \/>\n<meta property=\"og:site_name\" content=\"Trouvez le voyage \u00e9cologique qui vous convient\" \/>\n<meta property=\"og:image\" content=\"https:\/\/www.greenpeace.fr\/voyage-ecologique\/wp-content\/uploads\/sites\/24\/2022\/06\/rsog.jpg\" \/>\n<meta name=\"twitter:card\" content=\"summary_large_image\" \/>\n<meta name=\"twitter:label1\" content=\"Dur\u00e9e de lecture estim\u00e9e\" \/>\n\t<meta name=\"twitter:data1\" content=\"1 minute\" \/>\n<script type=\"application\/ld+json\" class=\"yoast-schema-graph\">{\"@context\":\"https:\/\/schema.org\",\"@graph\":[{\"@type\":\"WebPage\",\"@id\":\"https:\/\/www.greenpeace.fr\/voyage-ecologique\/faq-items\/inclus-destinations-accessibles-ferry\/\",\"url\":\"https:\/\/www.greenpeace.fr\/voyage-ecologique\/faq-items\/inclus-destinations-accessibles-ferry\/\",\"name\":\"Mais alors pourquoi avoir inclus des destinations accessibles en ferry ? - Trouvez le voyage \u00e9cologique qui vous convient\",\"isPartOf\":{\"@id\":\"https:\/\/www.greenpeace.fr\/voyage-ecologique\/#website\"},\"datePublished\":\"2022-06-27T12:25:36+00:00\",\"dateModified\":\"2022-06-27T12:25:36+00:00\",\"breadcrumb\":{\"@id\":\"https:\/\/www.greenpeace.fr\/voyage-ecologique\/faq-items\/inclus-destinations-accessibles-ferry\/#breadcrumb\"},\"inLanguage\":\"fr-FR\",\"potentialAction\":[{\"@type\":\"ReadAction\",\"target\":[\"https:\/\/www.greenpeace.fr\/voyage-ecologique\/faq-items\/inclus-destinations-accessibles-ferry\/\"]}]},{\"@type\":\"BreadcrumbList\",\"@id\":\"https:\/\/www.greenpeace.fr\/voyage-ecologique\/faq-items\/inclus-destinations-accessibles-ferry\/#breadcrumb\",\"itemListElement\":[{\"@type\":\"ListItem\",\"position\":1,\"name\":\"Accueil\",\"item\":\"https:\/\/www.greenpeace.fr\/voyage-ecologique\/\"},{\"@type\":\"ListItem\",\"position\":2,\"name\":\"FAQs\",\"item\":\"https:\/\/www.greenpeace.fr\/voyage-ecologique\/faq-items\/\"},{\"@type\":\"ListItem\",\"position\":3,\"name\":\"Mais alors pourquoi avoir inclus des destinations accessibles en ferry ?\"}]},{\"@type\":\"WebSite\",\"@id\":\"https:\/\/www.greenpeace.fr\/voyage-ecologique\/#website\",\"url\":\"https:\/\/www.greenpeace.fr\/voyage-ecologique\/\",\"name\":\"Trouvez le voyage \u00e9cologique qui vous convient\",\"description\":\"D\u00e9couvrez notre guide de 41 voyages \u00e9cologiques \u00e0 travers l&#039;Europe\",\"potentialAction\":[{\"@type\":\"SearchAction\",\"target\":{\"@type\":\"EntryPoint\",\"urlTemplate\":\"https:\/\/www.greenpeace.fr\/voyage-ecologique\/?s={search_term_string}\"},\"query-input\":{\"@type\":\"PropertyValueSpecification\",\"valueRequired\":true,\"valueName\":\"search_term_string\"}}],\"inLanguage\":\"fr-FR\"}]}<\/script>\n<!-- \/ Yoast SEO plugin. -->","yoast_head_json":{"title":"Mais alors pourquoi avoir inclus des destinations accessibles en ferry ? - Trouvez le voyage \u00e9cologique qui vous convient","robots":{"index":"index","follow":"follow","max-snippet":"max-snippet:-1","max-image-preview":"max-image-preview:large","max-video-preview":"max-video-preview:-1"},"canonical":"https:\/\/www.greenpeace.fr\/voyage-ecologique\/faq-items\/inclus-destinations-accessibles-ferry\/","og_locale":"fr_FR","og_type":"article","og_title":"Mais alors pourquoi avoir inclus des destinations accessibles en ferry ? - Trouvez le voyage \u00e9cologique qui vous convient","og_description":"Dans la mesure du possible, pour chaque voyage propos\u00e9 dans [&hellip;]","og_url":"https:\/\/www.greenpeace.fr\/voyage-ecologique\/faq-items\/inclus-destinations-accessibles-ferry\/","og_site_name":"Trouvez le voyage \u00e9cologique qui vous convient","og_image":[{"url":"https:\/\/www.greenpeace.fr\/voyage-ecologique\/wp-content\/uploads\/sites\/24\/2022\/06\/rsog.jpg"}],"twitter_card":"summary_large_image","twitter_misc":{"Dur\u00e9e de lecture estim\u00e9e":"1 minute"},"schema":{"@context":"https:\/\/schema.org","@graph":[{"@type":"WebPage","@id":"https:\/\/www.greenpeace.fr\/voyage-ecologique\/faq-items\/inclus-destinations-accessibles-ferry\/","url":"https:\/\/www.greenpeace.fr\/voyage-ecologique\/faq-items\/inclus-destinations-accessibles-ferry\/","name":"Mais alors pourquoi avoir inclus des destinations accessibles en ferry ? - Trouvez le voyage \u00e9cologique qui vous convient","isPartOf":{"@id":"https:\/\/www.greenpeace.fr\/voyage-ecologique\/#website"},"datePublished":"2022-06-27T12:25:36+00:00","dateModified":"2022-06-27T12:25:36+00:00","breadcrumb":{"@id":"https:\/\/www.greenpeace.fr\/voyage-ecologique\/faq-items\/inclus-destinations-accessibles-ferry\/#breadcrumb"},"inLanguage":"fr-FR","potentialAction":[{"@type":"ReadAction","target":["https:\/\/www.greenpeace.fr\/voyage-ecologique\/faq-items\/inclus-destinations-accessibles-ferry\/"]}]},{"@type":"BreadcrumbList","@id":"https:\/\/www.greenpeace.fr\/voyage-ecologique\/faq-items\/inclus-destinations-accessibles-ferry\/#breadcrumb","itemListElement":[{"@type":"ListItem","position":1,"name":"Accueil","item":"https:\/\/www.greenpeace.fr\/voyage-ecologique\/"},{"@type":"ListItem","position":2,"name":"FAQs","item":"https:\/\/www.greenpeace.fr\/voyage-ecologique\/faq-items\/"},{"@type":"ListItem","position":3,"name":"Mais alors pourquoi avoir inclus des destinations accessibles en ferry ?"}]},{"@type":"WebSite","@id":"https:\/\/www.greenpeace.fr\/voyage-ecologique\/#website","url":"https:\/\/www.greenpeace.fr\/voyage-ecologique\/","name":"Trouvez le voyage \u00e9cologique qui vous convient","description":"D\u00e9couvrez notre guide de 41 voyages \u00e9cologiques \u00e0 travers l&#039;Europe","potentialAction":[{"@type":"SearchAction","target":{"@type":"EntryPoint","urlTemplate":"https:\/\/www.greenpeace.fr\/voyage-ecologique\/?s={search_term_string}"},"query-input":{"@type":"PropertyValueSpecification","valueRequired":true,"valueName":"search_term_string"}}],"inLanguage":"fr-FR"}]}},"_links":{"self":[{"href":"https:\/\/www.greenpeace.fr\/voyage-ecologique\/wp-json\/wp\/v2\/avada_faq\/1820","targetHints":{"allow":["GET"]}}],"collection":[{"href":"https:\/\/www.greenpeace.fr\/voyage-ecologique\/wp-json\/wp\/v2\/avada_faq"}],"about":[{"href":"https:\/\/www.greenpeace.fr\/voyage-ecologique\/wp-json\/wp\/v2\/types\/avada_faq"}],"author":[{"embeddable":true,"href":"https:\/\/www.greenpeace.fr\/voyage-ecologique\/wp-json\/wp\/v2\/users\/48"}],"replies":[{"embeddable":true,"href":"https:\/\/www.greenpeace.fr\/voyage-ecologique\/wp-json\/wp\/v2\/comments?post=1820"}],"version-history":[{"count":1,"href":"https:\/\/www.greenpeace.fr\/voyage-ecologique\/wp-json\/wp\/v2\/avada_faq\/1820\/revisions"}],"predecessor-version":[{"id":1822,"href":"https:\/\/www.greenpeace.fr\/voyage-ecologique\/wp-json\/wp\/v2\/avada_faq\/1820\/revisions\/1822"}],"wp:attachment":[{"href":"https:\/\/www.greenpeace.fr\/voyage-ecologique\/wp-json\/wp\/v2\/media?parent=1820"}],"wp:term":[{"taxonomy":"faq_category","embeddable":true,"href":"https:\/\/www.greenpeace.fr\/voyage-ecologique\/wp-json\/wp\/v2\/faq_category?post=1820"}],"curies":[{"name":"wp","href":"https:\/\/api.w.org\/{rel}","templated":true}]}}

<p>Dans la mesure du possible, pour chaque voyage proposé dans <a href="https://www.greenpeace.fr/voyage-ecologique/telecharger-le-guide/">le guide</a>, Greenpeace invite à réaliser la majeure partie du trajet avec les modes de transport les moins polluants, comme le train. Nous avons cependant mentionné la possibilité de voyager en ferry dans ce guide pour plusieurs raisons :</p>
<ul>
<li>L’impact d’un trajet en ferry sur le climat reste moins important que celui de l’avion, surtout si le voyage jusqu’au port se fait en train.</li>
<li>Prendre le ferry plutôt que l’avion invite à redécouvrir les distances, ce qui constitue un premier pas vers le voyage plus lent.</li>
<li>Le ferry est souvent la seule alternative possible pour se rendre dans les îles. Par ailleurs, dès qu’il existe une alternative en voilier, elle a été mentionnée dans le guide.</li>
<li>Un trajet en ferry est souvent bien moins cher que le voilier et Greenpeace France a tenu à proposer des idées accessibles au plus grand nombre.</li>
</ul>

<p>Dans la mesure du possible, pour chaque voyage proposé dans [&hellip;]</p>

<!-- This site is optimized with the Yoast SEO plugin v23.4 - https://yoast.com/wordpress/plugins/seo/ -->
<title>Mais alors pourquoi avoir inclus des destinations accessibles en ferry ? - Trouvez le voyage écologique qui vous convient</title>
<meta name="robots" content="index, follow, max-snippet:-1, max-image-preview:large, max-video-preview:-1" />
<link rel="canonical" href="https://www.greenpeace.fr/voyage-ecologique/faq-items/inclus-destinations-accessibles-ferry/" />
<meta property="og:locale" content="fr_FR" />
<meta property="og:type" content="article" />
<meta property="og:title" content="Mais alors pourquoi avoir inclus des destinations accessibles en ferry ? - Trouvez le voyage écologique qui vous convient" />
<meta property="og:description" content="Dans la mesure du possible, pour chaque voyage proposé dans [&hellip;]" />
<meta property="og:url" content="https://www.greenpeace.fr/voyage-ecologique/faq-items/inclus-destinations-accessibles-ferry/" />
<meta property="og:site_name" content="Trouvez le voyage écologique qui vous convient" />
<meta property="og:image" content="https://www.greenpeace.fr/voyage-ecologique/wp-content/uploads/sites/24/2022/06/rsog.jpg" />
<meta name="twitter:card" content="summary_large_image" />
<meta name="twitter:label1" content="Durée de lecture estimée" />
	<meta name="twitter:data1" content="1 minute" />
<script type="application/ld+json" class="yoast-schema-graph">{"@context":"https://schema.org","@graph":[{"@type":"WebPage","@id":"https://www.greenpeace.fr/voyage-ecologique/faq-items/inclus-destinations-accessibles-ferry/","url":"https://www.greenpeace.fr/voyage-ecologique/faq-items/inclus-destinations-accessibles-ferry/","name":"Mais alors pourquoi avoir inclus des destinations accessibles en ferry ? - Trouvez le voyage écologique qui vous convient","isPartOf":{"@id":"https://www.greenpeace.fr/voyage-ecologique/#website"},"datePublished":"2022-06-27T12:25:36+00:00","dateModified":"2022-06-27T12:25:36+00:00","breadcrumb":{"@id":"https://www.greenpeace.fr/voyage-ecologique/faq-items/inclus-destinations-accessibles-ferry/#breadcrumb"},"inLanguage":"fr-FR","potentialAction":[{"@type":"ReadAction","target":["https://www.greenpeace.fr/voyage-ecologique/faq-items/inclus-destinations-accessibles-ferry/"]}]},{"@type":"BreadcrumbList","@id":"https://www.greenpeace.fr/voyage-ecologique/faq-items/inclus-destinations-accessibles-ferry/#breadcrumb","itemListElement":[{"@type":"ListItem","position":1,"name":"Accueil","item":"https://www.greenpeace.fr/voyage-ecologique/"},{"@type":"ListItem","position":2,"name":"FAQs","item":"https://www.greenpeace.fr/voyage-ecologique/faq-items/"},{"@type":"ListItem","position":3,"name":"Mais alors pourquoi avoir inclus des destinations accessibles en ferry ?"}]},{"@type":"WebSite","@id":"https://www.greenpeace.fr/voyage-ecologique/#website","url":"https://www.greenpeace.fr/voyage-ecologique/","name":"Trouvez le voyage écologique qui vous convient","description":"Découvrez notre guide de 41 voyages écologiques à travers l&#039;Europe","potentialAction":[{"@type":"SearchAction","target":{"@type":"EntryPoint","urlTemplate":"https://www.greenpeace.fr/voyage-ecologique/?s={search_term_string}"},"query-input":{"@type":"PropertyValueSpecification","valueRequired":true,"valueName":"search_term_string"}}],"inLanguage":"fr-FR"}]}</script>
<!-- / Yoast SEO plugin. -->

Mais alors pourquoi avoir inclus des destinations accessibles en ferry ? - Trouvez le voyage écologique qui vous convient

Dans la mesure du possible, pour chaque voyage proposé dans [&hellip;]

Trouvez le voyage écologique qui vous convient

Découvrez notre guide de 41 voyages écologiques à travers l&#039;Europe
