{"id":1807,"date":"2022-06-27T14:19:45","date_gmt":"2022-06-27T12:19:45","guid":{"rendered":"https:\/\/www.greenpeace.fr\/voyage-ecologique\/?post_type=avada_faq&#038;p=1807"},"modified":"2022-06-27T14:28:58","modified_gmt":"2022-06-27T12:28:58","slug":"beaucoup-de-chiffres-circulent-limpact-climatique-de-laviation-croire","status":"publish","type":"avada_faq","link":"https:\/\/www.greenpeace.fr\/voyage-ecologique\/faq-items\/beaucoup-de-chiffres-circulent-limpact-climatique-de-laviation-croire\/","title":{"rendered":"Beaucoup de chiffres circulent sur l\u2019impact climatique de l\u2019aviation ; qui croire ?"},"content":{"rendered":"<p>En effet, des chiffres tr\u00e8s diff\u00e9rents circulent et cela peut s\u2019expliquer par :<\/p>\n<ul>\n<li>la mani\u00e8re dont on prend en compte les \u00e9missions des vols internationaux quand on parle de l&rsquo;impact climat du secteur a\u00e9rien \u00e0 l&rsquo;\u00e9chelle d&rsquo;un pays (souvent, les donn\u00e9es \u201cofficielles\u201d ne prennent en compte que les vols \u201cinternes\u201d, ce qui invisibilise l\u2019immense majorit\u00e9 des \u00e9missions du secteur, li\u00e9es aux vols internationaux );<\/li>\n<li>le fait qu&rsquo;on se limite souvent aux \u00e9missions de CO\u2082 de l&rsquo;aviation, alors qu&rsquo;il y a aussi des impacts hors CO\u2082 li\u00e9s \u00e0 l&rsquo;\u00e9mission \u00e0 haute altitude d&rsquo;oxydes d&rsquo;azote, de vapeur d&rsquo;eau et de particules fines, dont l\u2019action renforce celle des gaz \u00e0 effet de serre. Ces effets hors CO\u2082 sont tr\u00e8s importants. <a href=\"https:\/\/www.sciencedirect.com\/science\/article\/pii\/S1352231020305689\" target=\"_blank\" rel=\"noopener noreferrer\">La derni\u00e8re \u00e9tude scientifique en date<\/a> indique que, pour avoir le poids total du transport a\u00e9rien dans le r\u00e9chauffement climatique, il faudrait multiplier par un facteur 3 les seules \u00e9missions de CO\u2082.<\/li>\n<\/ul>\n<p>Il faut \u00eatre attentif et ne pas se laisser duper par des tentatives de minimisation de l\u2019impact du secteur et surtout garder en t\u00eate que le plus gros probl\u00e8me, ce sont les rythmes de croissance du trafic projet\u00e9s pour l\u2019avenir qui sont tout simplement intenables d\u2019un point de vue climatique.<\/p>\n","protected":false},"excerpt":{"rendered":"<p>En effet, des chiffres tr\u00e8s diff\u00e9rents circulent et cela peut [&hellip;]<\/p>\n","protected":false},"author":48,"featured_media":0,"menu_order":0,"comment_status":"open","ping_status":"closed","template":"","format":"standard","meta":{"footnotes":""},"faq_category":[],"class_list":["post-1807","avada_faq","type-avada_faq","status-publish","format-standard","hentry"],"yoast_head":"<!-- This site is optimized with the Yoast SEO plugin v23.4 - https:\/\/yoast.com\/wordpress\/plugins\/seo\/ -->\n<title>Beaucoup de chiffres circulent sur l\u2019impact climatique de l\u2019aviation ; qui croire ? - Trouvez le voyage \u00e9cologique qui vous convient<\/title>\n<meta name=\"robots\" content=\"index, follow, max-snippet:-1, max-image-preview:large, max-video-preview:-1\" \/>\n<link rel=\"canonical\" href=\"https:\/\/www.greenpeace.fr\/voyage-ecologique\/faq-items\/beaucoup-de-chiffres-circulent-limpact-climatique-de-laviation-croire\/\" \/>\n<meta property=\"og:locale\" content=\"fr_FR\" \/>\n<meta property=\"og:type\" content=\"article\" \/>\n<meta property=\"og:title\" content=\"Beaucoup de chiffres circulent sur l\u2019impact climatique de l\u2019aviation ; qui croire ? - Trouvez le voyage \u00e9cologique qui vous convient\" \/>\n<meta property=\"og:description\" content=\"En effet, des chiffres tr\u00e8s diff\u00e9rents circulent et cela peut [&hellip;]\" \/>\n<meta property=\"og:url\" content=\"https:\/\/www.greenpeace.fr\/voyage-ecologique\/faq-items\/beaucoup-de-chiffres-circulent-limpact-climatique-de-laviation-croire\/\" \/>\n<meta property=\"og:site_name\" content=\"Trouvez le voyage \u00e9cologique qui vous convient\" \/>\n<meta property=\"article:modified_time\" content=\"2022-06-27T12:28:58+00:00\" \/>\n<meta property=\"og:image\" content=\"https:\/\/www.greenpeace.fr\/voyage-ecologique\/wp-content\/uploads\/sites\/24\/2022\/06\/rsog.jpg\" \/>\n<meta name=\"twitter:card\" content=\"summary_large_image\" \/>\n<meta name=\"twitter:label1\" content=\"Dur\u00e9e de lecture estim\u00e9e\" \/>\n\t<meta name=\"twitter:data1\" content=\"1 minute\" \/>\n<script type=\"application\/ld+json\" class=\"yoast-schema-graph\">{\"@context\":\"https:\/\/schema.org\",\"@graph\":[{\"@type\":\"WebPage\",\"@id\":\"https:\/\/www.greenpeace.fr\/voyage-ecologique\/faq-items\/beaucoup-de-chiffres-circulent-limpact-climatique-de-laviation-croire\/\",\"url\":\"https:\/\/www.greenpeace.fr\/voyage-ecologique\/faq-items\/beaucoup-de-chiffres-circulent-limpact-climatique-de-laviation-croire\/\",\"name\":\"Beaucoup de chiffres circulent sur l\u2019impact climatique de l\u2019aviation ; qui croire ? - Trouvez le voyage \u00e9cologique qui vous convient\",\"isPartOf\":{\"@id\":\"https:\/\/www.greenpeace.fr\/voyage-ecologique\/#website\"},\"datePublished\":\"2022-06-27T12:19:45+00:00\",\"dateModified\":\"2022-06-27T12:28:58+00:00\",\"breadcrumb\":{\"@id\":\"https:\/\/www.greenpeace.fr\/voyage-ecologique\/faq-items\/beaucoup-de-chiffres-circulent-limpact-climatique-de-laviation-croire\/#breadcrumb\"},\"inLanguage\":\"fr-FR\",\"potentialAction\":[{\"@type\":\"ReadAction\",\"target\":[\"https:\/\/www.greenpeace.fr\/voyage-ecologique\/faq-items\/beaucoup-de-chiffres-circulent-limpact-climatique-de-laviation-croire\/\"]}]},{\"@type\":\"BreadcrumbList\",\"@id\":\"https:\/\/www.greenpeace.fr\/voyage-ecologique\/faq-items\/beaucoup-de-chiffres-circulent-limpact-climatique-de-laviation-croire\/#breadcrumb\",\"itemListElement\":[{\"@type\":\"ListItem\",\"position\":1,\"name\":\"Accueil\",\"item\":\"https:\/\/www.greenpeace.fr\/voyage-ecologique\/\"},{\"@type\":\"ListItem\",\"position\":2,\"name\":\"FAQs\",\"item\":\"https:\/\/www.greenpeace.fr\/voyage-ecologique\/faq-items\/\"},{\"@type\":\"ListItem\",\"position\":3,\"name\":\"Beaucoup de chiffres circulent sur l\u2019impact climatique de l\u2019aviation ; qui croire ?\"}]},{\"@type\":\"WebSite\",\"@id\":\"https:\/\/www.greenpeace.fr\/voyage-ecologique\/#website\",\"url\":\"https:\/\/www.greenpeace.fr\/voyage-ecologique\/\",\"name\":\"Trouvez le voyage \u00e9cologique qui vous convient\",\"description\":\"D\u00e9couvrez notre guide de 41 voyages \u00e9cologiques \u00e0 travers l&#039;Europe\",\"potentialAction\":[{\"@type\":\"SearchAction\",\"target\":{\"@type\":\"EntryPoint\",\"urlTemplate\":\"https:\/\/www.greenpeace.fr\/voyage-ecologique\/?s={search_term_string}\"},\"query-input\":{\"@type\":\"PropertyValueSpecification\",\"valueRequired\":true,\"valueName\":\"search_term_string\"}}],\"inLanguage\":\"fr-FR\"}]}<\/script>\n<!-- \/ Yoast SEO plugin. -->","yoast_head_json":{"title":"Beaucoup de chiffres circulent sur l\u2019impact climatique de l\u2019aviation ; qui croire ? - Trouvez le voyage \u00e9cologique qui vous convient","robots":{"index":"index","follow":"follow","max-snippet":"max-snippet:-1","max-image-preview":"max-image-preview:large","max-video-preview":"max-video-preview:-1"},"canonical":"https:\/\/www.greenpeace.fr\/voyage-ecologique\/faq-items\/beaucoup-de-chiffres-circulent-limpact-climatique-de-laviation-croire\/","og_locale":"fr_FR","og_type":"article","og_title":"Beaucoup de chiffres circulent sur l\u2019impact climatique de l\u2019aviation ; qui croire ? - Trouvez le voyage \u00e9cologique qui vous convient","og_description":"En effet, des chiffres tr\u00e8s diff\u00e9rents circulent et cela peut [&hellip;]","og_url":"https:\/\/www.greenpeace.fr\/voyage-ecologique\/faq-items\/beaucoup-de-chiffres-circulent-limpact-climatique-de-laviation-croire\/","og_site_name":"Trouvez le voyage \u00e9cologique qui vous convient","article_modified_time":"2022-06-27T12:28:58+00:00","og_image":[{"url":"https:\/\/www.greenpeace.fr\/voyage-ecologique\/wp-content\/uploads\/sites\/24\/2022\/06\/rsog.jpg"}],"twitter_card":"summary_large_image","twitter_misc":{"Dur\u00e9e de lecture estim\u00e9e":"1 minute"},"schema":{"@context":"https:\/\/schema.org","@graph":[{"@type":"WebPage","@id":"https:\/\/www.greenpeace.fr\/voyage-ecologique\/faq-items\/beaucoup-de-chiffres-circulent-limpact-climatique-de-laviation-croire\/","url":"https:\/\/www.greenpeace.fr\/voyage-ecologique\/faq-items\/beaucoup-de-chiffres-circulent-limpact-climatique-de-laviation-croire\/","name":"Beaucoup de chiffres circulent sur l\u2019impact climatique de l\u2019aviation ; qui croire ? - Trouvez le voyage \u00e9cologique qui vous convient","isPartOf":{"@id":"https:\/\/www.greenpeace.fr\/voyage-ecologique\/#website"},"datePublished":"2022-06-27T12:19:45+00:00","dateModified":"2022-06-27T12:28:58+00:00","breadcrumb":{"@id":"https:\/\/www.greenpeace.fr\/voyage-ecologique\/faq-items\/beaucoup-de-chiffres-circulent-limpact-climatique-de-laviation-croire\/#breadcrumb"},"inLanguage":"fr-FR","potentialAction":[{"@type":"ReadAction","target":["https:\/\/www.greenpeace.fr\/voyage-ecologique\/faq-items\/beaucoup-de-chiffres-circulent-limpact-climatique-de-laviation-croire\/"]}]},{"@type":"BreadcrumbList","@id":"https:\/\/www.greenpeace.fr\/voyage-ecologique\/faq-items\/beaucoup-de-chiffres-circulent-limpact-climatique-de-laviation-croire\/#breadcrumb","itemListElement":[{"@type":"ListItem","position":1,"name":"Accueil","item":"https:\/\/www.greenpeace.fr\/voyage-ecologique\/"},{"@type":"ListItem","position":2,"name":"FAQs","item":"https:\/\/www.greenpeace.fr\/voyage-ecologique\/faq-items\/"},{"@type":"ListItem","position":3,"name":"Beaucoup de chiffres circulent sur l\u2019impact climatique de l\u2019aviation ; qui croire ?"}]},{"@type":"WebSite","@id":"https:\/\/www.greenpeace.fr\/voyage-ecologique\/#website","url":"https:\/\/www.greenpeace.fr\/voyage-ecologique\/","name":"Trouvez le voyage \u00e9cologique qui vous convient","description":"D\u00e9couvrez notre guide de 41 voyages \u00e9cologiques \u00e0 travers l&#039;Europe","potentialAction":[{"@type":"SearchAction","target":{"@type":"EntryPoint","urlTemplate":"https:\/\/www.greenpeace.fr\/voyage-ecologique\/?s={search_term_string}"},"query-input":{"@type":"PropertyValueSpecification","valueRequired":true,"valueName":"search_term_string"}}],"inLanguage":"fr-FR"}]}},"_links":{"self":[{"href":"https:\/\/www.greenpeace.fr\/voyage-ecologique\/wp-json\/wp\/v2\/avada_faq\/1807","targetHints":{"allow":["GET"]}}],"collection":[{"href":"https:\/\/www.greenpeace.fr\/voyage-ecologique\/wp-json\/wp\/v2\/avada_faq"}],"about":[{"href":"https:\/\/www.greenpeace.fr\/voyage-ecologique\/wp-json\/wp\/v2\/types\/avada_faq"}],"author":[{"embeddable":true,"href":"https:\/\/www.greenpeace.fr\/voyage-ecologique\/wp-json\/wp\/v2\/users\/48"}],"replies":[{"embeddable":true,"href":"https:\/\/www.greenpeace.fr\/voyage-ecologique\/wp-json\/wp\/v2\/comments?post=1807"}],"version-history":[{"count":4,"href":"https:\/\/www.greenpeace.fr\/voyage-ecologique\/wp-json\/wp\/v2\/avada_faq\/1807\/revisions"}],"predecessor-version":[{"id":1826,"href":"https:\/\/www.greenpeace.fr\/voyage-ecologique\/wp-json\/wp\/v2\/avada_faq\/1807\/revisions\/1826"}],"wp:attachment":[{"href":"https:\/\/www.greenpeace.fr\/voyage-ecologique\/wp-json\/wp\/v2\/media?parent=1807"}],"wp:term":[{"taxonomy":"faq_category","embeddable":true,"href":"https:\/\/www.greenpeace.fr\/voyage-ecologique\/wp-json\/wp\/v2\/faq_category?post=1807"}],"curies":[{"name":"wp","href":"https:\/\/api.w.org\/{rel}","templated":true}]}}

<p>En effet, des chiffres très différents circulent et cela peut s’expliquer par :</p>
<ul>
<li>la manière dont on prend en compte les émissions des vols internationaux quand on parle de l&rsquo;impact climat du secteur aérien à l&rsquo;échelle d&rsquo;un pays (souvent, les données “officielles” ne prennent en compte que les vols “internes”, ce qui invisibilise l’immense majorité des émissions du secteur, liées aux vols internationaux );</li>
<li>le fait qu&rsquo;on se limite souvent aux émissions de CO₂ de l&rsquo;aviation, alors qu&rsquo;il y a aussi des impacts hors CO₂ liés à l&rsquo;émission à haute altitude d&rsquo;oxydes d&rsquo;azote, de vapeur d&rsquo;eau et de particules fines, dont l’action renforce celle des gaz à effet de serre. Ces effets hors CO₂ sont très importants. <a href="https://www.sciencedirect.com/science/article/pii/S1352231020305689" target="_blank" rel="noopener noreferrer">La dernière étude scientifique en date</a> indique que, pour avoir le poids total du transport aérien dans le réchauffement climatique, il faudrait multiplier par un facteur 3 les seules émissions de CO₂.</li>
</ul>
<p>Il faut être attentif et ne pas se laisser duper par des tentatives de minimisation de l’impact du secteur et surtout garder en tête que le plus gros problème, ce sont les rythmes de croissance du trafic projetés pour l’avenir qui sont tout simplement intenables d’un point de vue climatique.</p>

<p>En effet, des chiffres très différents circulent et cela peut [&hellip;]</p>

<!-- This site is optimized with the Yoast SEO plugin v23.4 - https://yoast.com/wordpress/plugins/seo/ -->
<title>Beaucoup de chiffres circulent sur l’impact climatique de l’aviation ; qui croire ? - Trouvez le voyage écologique qui vous convient</title>
<meta name="robots" content="index, follow, max-snippet:-1, max-image-preview:large, max-video-preview:-1" />
<link rel="canonical" href="https://www.greenpeace.fr/voyage-ecologique/faq-items/beaucoup-de-chiffres-circulent-limpact-climatique-de-laviation-croire/" />
<meta property="og:locale" content="fr_FR" />
<meta property="og:type" content="article" />
<meta property="og:title" content="Beaucoup de chiffres circulent sur l’impact climatique de l’aviation ; qui croire ? - Trouvez le voyage écologique qui vous convient" />
<meta property="og:description" content="En effet, des chiffres très différents circulent et cela peut [&hellip;]" />
<meta property="og:url" content="https://www.greenpeace.fr/voyage-ecologique/faq-items/beaucoup-de-chiffres-circulent-limpact-climatique-de-laviation-croire/" />
<meta property="og:site_name" content="Trouvez le voyage écologique qui vous convient" />
<meta property="article:modified_time" content="2022-06-27T12:28:58+00:00" />
<meta property="og:image" content="https://www.greenpeace.fr/voyage-ecologique/wp-content/uploads/sites/24/2022/06/rsog.jpg" />
<meta name="twitter:card" content="summary_large_image" />
<meta name="twitter:label1" content="Durée de lecture estimée" />
	<meta name="twitter:data1" content="1 minute" />
<script type="application/ld+json" class="yoast-schema-graph">{"@context":"https://schema.org","@graph":[{"@type":"WebPage","@id":"https://www.greenpeace.fr/voyage-ecologique/faq-items/beaucoup-de-chiffres-circulent-limpact-climatique-de-laviation-croire/","url":"https://www.greenpeace.fr/voyage-ecologique/faq-items/beaucoup-de-chiffres-circulent-limpact-climatique-de-laviation-croire/","name":"Beaucoup de chiffres circulent sur l’impact climatique de l’aviation ; qui croire ? - Trouvez le voyage écologique qui vous convient","isPartOf":{"@id":"https://www.greenpeace.fr/voyage-ecologique/#website"},"datePublished":"2022-06-27T12:19:45+00:00","dateModified":"2022-06-27T12:28:58+00:00","breadcrumb":{"@id":"https://www.greenpeace.fr/voyage-ecologique/faq-items/beaucoup-de-chiffres-circulent-limpact-climatique-de-laviation-croire/#breadcrumb"},"inLanguage":"fr-FR","potentialAction":[{"@type":"ReadAction","target":["https://www.greenpeace.fr/voyage-ecologique/faq-items/beaucoup-de-chiffres-circulent-limpact-climatique-de-laviation-croire/"]}]},{"@type":"BreadcrumbList","@id":"https://www.greenpeace.fr/voyage-ecologique/faq-items/beaucoup-de-chiffres-circulent-limpact-climatique-de-laviation-croire/#breadcrumb","itemListElement":[{"@type":"ListItem","position":1,"name":"Accueil","item":"https://www.greenpeace.fr/voyage-ecologique/"},{"@type":"ListItem","position":2,"name":"FAQs","item":"https://www.greenpeace.fr/voyage-ecologique/faq-items/"},{"@type":"ListItem","position":3,"name":"Beaucoup de chiffres circulent sur l’impact climatique de l’aviation ; qui croire ?"}]},{"@type":"WebSite","@id":"https://www.greenpeace.fr/voyage-ecologique/#website","url":"https://www.greenpeace.fr/voyage-ecologique/","name":"Trouvez le voyage écologique qui vous convient","description":"Découvrez notre guide de 41 voyages écologiques à travers l&#039;Europe","potentialAction":[{"@type":"SearchAction","target":{"@type":"EntryPoint","urlTemplate":"https://www.greenpeace.fr/voyage-ecologique/?s={search_term_string}"},"query-input":{"@type":"PropertyValueSpecification","valueRequired":true,"valueName":"search_term_string"}}],"inLanguage":"fr-FR"}]}</script>
<!-- / Yoast SEO plugin. -->

Beaucoup de chiffres circulent sur l’impact climatique de l’aviation ; qui croire ? - Trouvez le voyage écologique qui vous convient

En effet, des chiffres très différents circulent et cela peut [&hellip;]

Trouvez le voyage écologique qui vous convient

Découvrez notre guide de 41 voyages écologiques à travers l&#039;Europe
